{"id":56,"date":"2022-05-13T16:56:50","date_gmt":"2022-05-13T14:56:50","guid":{"rendered":"http:\/\/vintageautohaus-lemans.com\/?page_id=56"},"modified":"2025-05-28T22:23:08","modified_gmt":"2025-05-28T20:23:08","slug":"bienvuenue","status":"publish","type":"page","link":"https:\/\/www.vintageautohaus-lemans.com\/","title":{"rendered":"Accueil"},"content":{"rendered":"\n<p>Retrouvez tr\u00e8s bient\u00f4t le site officiel de Vintage Autohaus Le Mans, nous pourrons vous pr\u00e9senter nos activit\u00e9s et nos projets. Une belle aventure commence et d&rsquo;ici l\u00e0 rendez-vous sur <a href=\"https:\/\/www.facebook.com\/vintageautohauslemans\">Facebook <img loading=\"lazy\" decoding=\"async\" width=\"15\" height=\"15\" class=\"wp-image-78\" style=\"width: 15px;\" src=\"https:\/\/www.vintageautohaus-lemans.com\/wp-content\/uploads\/2025\/05\/2023_Facebook_icon.svg_.png\" alt=\"Facebook logo\" srcset=\"https:\/\/www.vintageautohaus-lemans.com\/wp-content\/uploads\/2025\/05\/2023_Facebook_icon.svg_.png 250w, https:\/\/www.vintageautohaus-lemans.com\/wp-content\/uploads\/2025\/05\/2023_Facebook_icon.svg_-150x150.png 150w\" sizes=\"auto, (max-width: 15px) 100vw, 15px\" \/><\/a> ou sur <a href=\"https:\/\/www.instagram.com\/vintageautohauslemans\/\">Instagram <\/a><a href=\"https:\/\/www.instagram.com\/vintageautohauslemans\/\" target=\"_blank\" rel=\"noreferrer noopener\"><img loading=\"lazy\" decoding=\"async\" width=\"15\" height=\"15\" class=\"wp-image-81\" style=\"width: 15px;\" src=\"https:\/\/www.vintageautohaus-lemans.com\/wp-content\/uploads\/2025\/05\/Instagram_icon.png\" alt=\"Instagram logo\" srcset=\"https:\/\/www.vintageautohaus-lemans.com\/wp-content\/uploads\/2025\/05\/Instagram_icon.png 250w, https:\/\/www.vintageautohaus-lemans.com\/wp-content\/uploads\/2025\/05\/Instagram_icon-150x150.png 150w\" sizes=\"auto, (max-width: 15px) 100vw, 15px\" \/><\/a> pour les derni\u00e8res informations.<\/p>\n\n\n\n<p class=\"has-text-align-right\">L&rsquo;\u00e9quipe Vintage Autohaus Le Mans<\/p>\n\n\n\n<figure class=\"wp-block-image aligncenter size-medium is-resized\"><img loading=\"lazy\" decoding=\"async\" width=\"300\" height=\"300\" src=\"https:\/\/www.vintageautohaus-lemans.com\/wp-content\/uploads\/2022\/05\/VALM512x512-300x300.png\" alt=\"vintageautohauslemans\" class=\"wp-image-49\" style=\"aspect-ratio:1;object-fit:cover;width:200px\" srcset=\"https:\/\/www.vintageautohaus-lemans.com\/wp-content\/uploads\/2022\/05\/VALM512x512-300x300.png 300w, https:\/\/www.vintageautohaus-lemans.com\/wp-content\/uploads\/2022\/05\/VALM512x512-150x150.png 150w, https:\/\/www.vintageautohaus-lemans.com\/wp-content\/uploads\/2022\/05\/VALM512x512.png 512w\" sizes=\"auto, (max-width: 300px) 100vw, 300px\" \/><\/figure>\n","protected":false},"excerpt":{"rendered":"<p>Retrouvez tr\u00e8s bient\u00f4t le site officiel de Vintage Autohaus Le Mans, nous pourrons vous pr\u00e9senter nos activit\u00e9s et nos projets. Une belle aventure commence et d&rsquo;ici l\u00e0 rendez-vous sur Facebook ou sur Instagram pour les derni\u00e8res informations. L&rsquo;\u00e9quipe Vintage Autohaus Le Mans<\/p>\n","protected":false},"author":1,"featured_media":0,"parent":0,"menu_order":0,"comment_status":"closed","ping_status":"closed","template":"","meta":{"footnotes":""},"class_list":["post-56","page","type-page","status-publish","hentry"],"yoast_head":"<!-- This site is optimized with the Yoast SEO plugin v27.4 - https:\/\/yoast.com\/product\/yoast-seo-wordpress\/ -->\n<title>Accueil - Vintage Autohaus Le Mans<\/title>\n<meta name=\"robots\" content=\"index, follow, max-snippet:-1, max-image-preview:large, max-video-preview:-1\" \/>\n<link rel=\"canonical\" href=\"https:\/\/www.vintageautohaus-lemans.com\/\" \/>\n<meta property=\"og:locale\" content=\"fr_FR\" \/>\n<meta property=\"og:type\" content=\"article\" \/>\n<meta property=\"og:title\" content=\"Accueil - Vintage Autohaus Le Mans\" \/>\n<meta property=\"og:description\" content=\"Retrouvez tr\u00e8s bient\u00f4t le site officiel de Vintage Autohaus Le Mans, nous pourrons vous pr\u00e9senter nos activit\u00e9s et nos projets. Une belle aventure commence et d&rsquo;ici l\u00e0 rendez-vous sur Facebook ou sur Instagram pour les derni\u00e8res informations. L&rsquo;\u00e9quipe Vintage Autohaus Le Mans\" \/>\n<meta property=\"og:url\" content=\"https:\/\/www.vintageautohaus-lemans.com\/\" \/>\n<meta property=\"og:site_name\" content=\"Vintage Autohaus Le Mans\" \/>\n<meta property=\"article:publisher\" content=\"https:\/\/www.facebook.com\/vintageautohauslemans\" \/>\n<meta property=\"article:modified_time\" content=\"2025-05-28T20:23:08+00:00\" \/>\n<meta property=\"og:image\" content=\"https:\/\/www.vintageautohaus-lemans.com\/wp-content\/uploads\/2025\/05\/2023_Facebook_icon.svg_.png\" \/>\n\t<meta property=\"og:image:width\" content=\"250\" \/>\n\t<meta property=\"og:image:height\" content=\"251\" \/>\n\t<meta property=\"og:image:type\" content=\"image\/png\" \/>\n<meta name=\"twitter:card\" content=\"summary_large_image\" \/>\n<script type=\"application\/ld+json\" class=\"yoast-schema-graph\">{\"@context\":\"https:\\\/\\\/schema.org\",\"@graph\":[{\"@type\":\"WebPage\",\"@id\":\"https:\\\/\\\/www.vintageautohaus-lemans.com\\\/\",\"url\":\"https:\\\/\\\/www.vintageautohaus-lemans.com\\\/\",\"name\":\"Accueil - Vintage Autohaus Le Mans\",\"isPartOf\":{\"@id\":\"https:\\\/\\\/www.vintageautohaus-lemans.com\\\/#website\"},\"primaryImageOfPage\":{\"@id\":\"https:\\\/\\\/www.vintageautohaus-lemans.com\\\/#primaryimage\"},\"image\":{\"@id\":\"https:\\\/\\\/www.vintageautohaus-lemans.com\\\/#primaryimage\"},\"thumbnailUrl\":\"https:\\\/\\\/www.vintageautohaus-lemans.com\\\/wp-content\\\/uploads\\\/2025\\\/05\\\/2023_Facebook_icon.svg_.png\",\"datePublished\":\"2022-05-13T14:56:50+00:00\",\"dateModified\":\"2025-05-28T20:23:08+00:00\",\"breadcrumb\":{\"@id\":\"https:\\\/\\\/www.vintageautohaus-lemans.com\\\/#breadcrumb\"},\"inLanguage\":\"fr-FR\",\"potentialAction\":[{\"@type\":\"ReadAction\",\"target\":[\"https:\\\/\\\/www.vintageautohaus-lemans.com\\\/\"]}]},{\"@type\":\"ImageObject\",\"inLanguage\":\"fr-FR\",\"@id\":\"https:\\\/\\\/www.vintageautohaus-lemans.com\\\/#primaryimage\",\"url\":\"https:\\\/\\\/www.vintageautohaus-lemans.com\\\/wp-content\\\/uploads\\\/2025\\\/05\\\/2023_Facebook_icon.svg_.png\",\"contentUrl\":\"https:\\\/\\\/www.vintageautohaus-lemans.com\\\/wp-content\\\/uploads\\\/2025\\\/05\\\/2023_Facebook_icon.svg_.png\",\"width\":250,\"height\":251,\"caption\":\"Facebook logo\"},{\"@type\":\"BreadcrumbList\",\"@id\":\"https:\\\/\\\/www.vintageautohaus-lemans.com\\\/#breadcrumb\",\"itemListElement\":[{\"@type\":\"ListItem\",\"position\":1,\"name\":\"Accueil\",\"item\":\"https:\\\/\\\/www.vintageautohaus-lemans.com\\\/\"},{\"@type\":\"ListItem\",\"position\":2,\"name\":\"Accueil\"}]},{\"@type\":\"WebSite\",\"@id\":\"https:\\\/\\\/www.vintageautohaus-lemans.com\\\/#website\",\"url\":\"https:\\\/\\\/www.vintageautohaus-lemans.com\\\/\",\"name\":\"Vintage Autohaus Le Mans\",\"description\":\"\",\"publisher\":{\"@id\":\"https:\\\/\\\/www.vintageautohaus-lemans.com\\\/#organization\"},\"potentialAction\":[{\"@type\":\"SearchAction\",\"target\":{\"@type\":\"EntryPoint\",\"urlTemplate\":\"https:\\\/\\\/www.vintageautohaus-lemans.com\\\/?s={search_term_string}\"},\"query-input\":{\"@type\":\"PropertyValueSpecification\",\"valueRequired\":true,\"valueName\":\"search_term_string\"}}],\"inLanguage\":\"fr-FR\"},{\"@type\":\"Organization\",\"@id\":\"https:\\\/\\\/www.vintageautohaus-lemans.com\\\/#organization\",\"name\":\"Vintage Autohaus Le Mans\",\"url\":\"https:\\\/\\\/www.vintageautohaus-lemans.com\\\/\",\"logo\":{\"@type\":\"ImageObject\",\"inLanguage\":\"fr-FR\",\"@id\":\"https:\\\/\\\/www.vintageautohaus-lemans.com\\\/#\\\/schema\\\/logo\\\/image\\\/\",\"url\":\"https:\\\/\\\/www.vintageautohaus-lemans.com\\\/wp-content\\\/uploads\\\/2022\\\/05\\\/VALM512x512.png\",\"contentUrl\":\"https:\\\/\\\/www.vintageautohaus-lemans.com\\\/wp-content\\\/uploads\\\/2022\\\/05\\\/VALM512x512.png\",\"width\":512,\"height\":512,\"caption\":\"Vintage Autohaus Le Mans\"},\"image\":{\"@id\":\"https:\\\/\\\/www.vintageautohaus-lemans.com\\\/#\\\/schema\\\/logo\\\/image\\\/\"},\"sameAs\":[\"https:\\\/\\\/www.facebook.com\\\/vintageautohauslemans\"]}]}<\/script>\n<!-- \/ Yoast SEO plugin. -->","yoast_head_json":{"title":"Accueil - Vintage Autohaus Le Mans","robots":{"index":"index","follow":"follow","max-snippet":"max-snippet:-1","max-image-preview":"max-image-preview:large","max-video-preview":"max-video-preview:-1"},"canonical":"https:\/\/www.vintageautohaus-lemans.com\/","og_locale":"fr_FR","og_type":"article","og_title":"Accueil - Vintage Autohaus Le Mans","og_description":"Retrouvez tr\u00e8s bient\u00f4t le site officiel de Vintage Autohaus Le Mans, nous pourrons vous pr\u00e9senter nos activit\u00e9s et nos projets. Une belle aventure commence et d&rsquo;ici l\u00e0 rendez-vous sur Facebook ou sur Instagram pour les derni\u00e8res informations. L&rsquo;\u00e9quipe Vintage Autohaus Le Mans","og_url":"https:\/\/www.vintageautohaus-lemans.com\/","og_site_name":"Vintage Autohaus Le Mans","article_publisher":"https:\/\/www.facebook.com\/vintageautohauslemans","article_modified_time":"2025-05-28T20:23:08+00:00","og_image":[{"width":250,"height":251,"url":"https:\/\/www.vintageautohaus-lemans.com\/wp-content\/uploads\/2025\/05\/2023_Facebook_icon.svg_.png","type":"image\/png"}],"twitter_card":"summary_large_image","schema":{"@context":"https:\/\/schema.org","@graph":[{"@type":"WebPage","@id":"https:\/\/www.vintageautohaus-lemans.com\/","url":"https:\/\/www.vintageautohaus-lemans.com\/","name":"Accueil - Vintage Autohaus Le Mans","isPartOf":{"@id":"https:\/\/www.vintageautohaus-lemans.com\/#website"},"primaryImageOfPage":{"@id":"https:\/\/www.vintageautohaus-lemans.com\/#primaryimage"},"image":{"@id":"https:\/\/www.vintageautohaus-lemans.com\/#primaryimage"},"thumbnailUrl":"https:\/\/www.vintageautohaus-lemans.com\/wp-content\/uploads\/2025\/05\/2023_Facebook_icon.svg_.png","datePublished":"2022-05-13T14:56:50+00:00","dateModified":"2025-05-28T20:23:08+00:00","breadcrumb":{"@id":"https:\/\/www.vintageautohaus-lemans.com\/#breadcrumb"},"inLanguage":"fr-FR","potentialAction":[{"@type":"ReadAction","target":["https:\/\/www.vintageautohaus-lemans.com\/"]}]},{"@type":"ImageObject","inLanguage":"fr-FR","@id":"https:\/\/www.vintageautohaus-lemans.com\/#primaryimage","url":"https:\/\/www.vintageautohaus-lemans.com\/wp-content\/uploads\/2025\/05\/2023_Facebook_icon.svg_.png","contentUrl":"https:\/\/www.vintageautohaus-lemans.com\/wp-content\/uploads\/2025\/05\/2023_Facebook_icon.svg_.png","width":250,"height":251,"caption":"Facebook logo"},{"@type":"BreadcrumbList","@id":"https:\/\/www.vintageautohaus-lemans.com\/#breadcrumb","itemListElement":[{"@type":"ListItem","position":1,"name":"Accueil","item":"https:\/\/www.vintageautohaus-lemans.com\/"},{"@type":"ListItem","position":2,"name":"Accueil"}]},{"@type":"WebSite","@id":"https:\/\/www.vintageautohaus-lemans.com\/#website","url":"https:\/\/www.vintageautohaus-lemans.com\/","name":"Vintage Autohaus Le Mans","description":"","publisher":{"@id":"https:\/\/www.vintageautohaus-lemans.com\/#organization"},"potentialAction":[{"@type":"SearchAction","target":{"@type":"EntryPoint","urlTemplate":"https:\/\/www.vintageautohaus-lemans.com\/?s={search_term_string}"},"query-input":{"@type":"PropertyValueSpecification","valueRequired":true,"valueName":"search_term_string"}}],"inLanguage":"fr-FR"},{"@type":"Organization","@id":"https:\/\/www.vintageautohaus-lemans.com\/#organization","name":"Vintage Autohaus Le Mans","url":"https:\/\/www.vintageautohaus-lemans.com\/","logo":{"@type":"ImageObject","inLanguage":"fr-FR","@id":"https:\/\/www.vintageautohaus-lemans.com\/#\/schema\/logo\/image\/","url":"https:\/\/www.vintageautohaus-lemans.com\/wp-content\/uploads\/2022\/05\/VALM512x512.png","contentUrl":"https:\/\/www.vintageautohaus-lemans.com\/wp-content\/uploads\/2022\/05\/VALM512x512.png","width":512,"height":512,"caption":"Vintage Autohaus Le Mans"},"image":{"@id":"https:\/\/www.vintageautohaus-lemans.com\/#\/schema\/logo\/image\/"},"sameAs":["https:\/\/www.facebook.com\/vintageautohauslemans"]}]}},"_links":{"self":[{"href":"https:\/\/www.vintageautohaus-lemans.com\/index.php\/wp-json\/wp\/v2\/pages\/56","targetHints":{"allow":["GET"]}}],"collection":[{"href":"https:\/\/www.vintageautohaus-lemans.com\/index.php\/wp-json\/wp\/v2\/pages"}],"about":[{"href":"https:\/\/www.vintageautohaus-lemans.com\/index.php\/wp-json\/wp\/v2\/types\/page"}],"author":[{"embeddable":true,"href":"https:\/\/www.vintageautohaus-lemans.com\/index.php\/wp-json\/wp\/v2\/users\/1"}],"replies":[{"embeddable":true,"href":"https:\/\/www.vintageautohaus-lemans.com\/index.php\/wp-json\/wp\/v2\/comments?post=56"}],"version-history":[{"count":12,"href":"https:\/\/www.vintageautohaus-lemans.com\/index.php\/wp-json\/wp\/v2\/pages\/56\/revisions"}],"predecessor-version":[{"id":105,"href":"https:\/\/www.vintageautohaus-lemans.com\/index.php\/wp-json\/wp\/v2\/pages\/56\/revisions\/105"}],"wp:attachment":[{"href":"https:\/\/www.vintageautohaus-lemans.com\/index.php\/wp-json\/wp\/v2\/media?parent=56"}],"curies":[{"name":"wp","href":"https:\/\/api.w.org\/{rel}","templated":true}]}}